355350?
3
What is the hundreds digit of 663524?
5
What is the millions digit of 1572865?
1
What is the thousands digit of 66890?
6
What is the tens digit of 138573?
7
What is the thousands digit of 3931513?
1
What is the tens digit of 1083154?
5
What is the millions digit of 4297257?
4
What is the ten thousands digit of 399318?
9
What is the tens digit of 9347752?
5
What is the tens digit of 6501260?
6
What is the hundred thousands digit of 2205048?
2
What is the tens digit of 2319001?
0
What is the tens digit of 8343822?
2
What is the hundreds digit of 1304666?
6
What is the tens digit of 8968242?
4
What is the tens digit of 233327?
2
What is the thousands digit of 3736094?
6
What is the hundreds digit of 7608501?
5
What is the ten thousands digit of 5208972?
0
What is the tens digit of 8263084?
8
What is the hundreds digit of 280597?
5
What is the millions digit of 17595436?
7
What is the ten thousands digit of 238993?
3
What is the hundreds digit of 1257595?
5
What is the thousands digit of 1846962?
6
What is the thousands digit of 338208?
8
What is the millions digit of 10089362?
0
What is the hundreds digit of 15781828?
8
What is the tens digit of 2567355?
5
What is the units digit of 1222466?
6
What is the thousands digit of 22209520?
9
What is the hundred thousands digit of 6439896?
4
What is the tens digit of 847042?
4
What is the millions digit of 6594580?
6
What is the tens digit of 366451?
5
What is the ten thousands digit of 4783065?
8
What is the hundred thousands digit of 6444749?
4
What is the thousands digit of 12536209?
6
What is the units digit of 3142499?
9
What is the millions digit of 3371069?
3
What is the tens digit of 190690?
9
What is the thousands digit of 1483920?
3
What is the thousands digit of 540066?
0
What is the hundreds digit of 20164?
1
What is the tens digit of 147967?
6
What is the hundreds digit of 112129?
1
What is the thousands digit of 3198448?
8
What is the millions digit of 1037482?
1
What is the thousands digit of 2249438?
9
What is the ten thousands digit of 9763765?
6
What is the hundreds digit of 125978?
9
What is the ten thousands digit of 96929?
9
What is the units digit of 8113670?
0
What is the thousands digit of 3467363?
7
What is the tens digit of 399698?
9
What is the tens digit of 240525?
2
What is the hundred thousands digit of 1268953?
2
What is the ten millions digit of 24138396?
2
What is the ten thousands digit of 452118?
5
What is the units digit of 1425022?
2
What is the tens digit of 343303?
0
What is the ten thousands digit of 1251956?
5
What is the thousands digit of 2877795?
7
What is the tens digit of 287188?
8
What is the thousands digit of 6682964?
2
What is the tens digit of 1839391?
9
What is the tens digit of 4572852?
5
What is the ten thousands digit of 93636?
9
What is the hundred thousands digit of 914000?
9
What is the tens digit of 84497?
9
What is the thousands digit of 4546150?
6
What is the units digit of 731489?
9
What is the tens digit of 644534?
3
What is the hundred thousands digit of 133486?
1
What is the ten thousands digit of 6594618?
9
What is the tens digit of 30646939?
3
What is the units digit of 9234841?
1
What is the ten thousands digit of 745041?
4
What is the thousands digit of 34599154?
9
What is the units digit of 2355643?
3
What is the ten thousands digit of 207372?
0
What is the ten thousands digit of 28362?
2
What is the hundreds digit of 115866?
8
What is the hundred thousands digit of 11062231?
0
What is the thousands digit of 264418?
4
What is the units digit of 30554460?
0
What is the tens digit of 6685634?
3
What is the hundreds digit of 3784504?
5
What is the tens digit of 313988?
8
What is the ten thousands digit of 1033394?
3
What is the units digit of 250405?
5
What is the units digit of 3724600?
0
What is the thousands digit of 65161?
5
What is the hundreds digit of 392594?
5
What is the ten thousands digit of 553197?
5
What is the thousands digit of 2688650?
8
What is the hundreds digit of 1181884?
8
What is the ten thousands digit of 8226337?
2
What is the units digit of 11333742?
2
What is the units digit of 129820?
0
What is the thousands digit of 125535?
5
What is the thousands digit of 284032?
4
What is the thousands digit of 6948712?
8
What is the thousands digit of 1175729?
5
What is the millions digit of 12568044?
2
What is the thousands digit of 199375?
9
What is the units digit of 624076?
6
What is the hundred thousands digit of 1387245?
3
What is the ten thousands digit of 158495?
5
What is the hundred thousands digit of 4491205?
4
What is the thousands digit of 2774620?
4
What is the ten thousands digit of 4410434?
1
What is the hundreds digit of 160206?
2
What is the tens digit of 466979?
7
What is the units digit of 84372?
2
What is the units digit of 9040853?
3
What is the ten millions digit of 19103600?
1
What is the units digit of 220011?
1
What is the thousands digit of 402944?
2
What is the tens digit of 392721?
2
What is the tens digit of 9363112?
1
What is the ten thousands digit of 198165?
9
What is the ten thousands digit of 252550?
5
What is the tens digit of 4970302?
0
What is the hundred thousands digit of 1402807?
4
What is the units digit of 33148719?
9
What is the ten thousands digit of 460821?
6
What is the millions digit of 6965809?
6
What is the ten millions digit of 14317363?
1
What is the hundreds digit of 245119?
1
What is the tens digit of 673922?
2
What is the hundreds digit of 1799143?
1
What is the hundred thousands digit of 144473?
1
What is the thousands digit of 179443?
9
What is the thousands digit of 618732?
8
What is the hundred thousands digit of 20334608?
3
What is the units digit of 10593173?
3
What is the thousands digit of 158795?
8
What is the thousands digit of 26283606?
3
What is the thousands digit of 1461396?
1
What is the units digit of 108631?
1
What is the units digit of 1060953?
3
What is the hundreds digit of 392890?
8
What is the millions digit of 21744928?
1
What is the ten thousands digit of 2031691?
3
What is the millions digit of 2798577?
2
What is the thousands digit of 1247101?
7
What is the tens digit of 2256235?
3
What is the millions digit of 20249871?
0
What is the tens digit of 137798?
9
What is the units digit of 19529223?
3
What is the units digit of 19562774?
4
What is the hundreds digit of 1022054?
0
What is the ten thousands digit of 15623798?
2
What is the units digit of 689184?
4
What is the hundreds digit of 1033143?
1
What is the millions digit of 14613124?
4
What is the units digit of 3307421?
1
What is the tens digit of 249472?
7
What is the units digit of 828203?
3
What is the tens digit of 207923?
2
What is the tens digit of 35891635?
3
What is the thousands digit of 1534788?
4
What is the units digit of 333335?
5
What is the units digit of 91281?
1
What is the hundred thousands digit of 2551038?
5
What is the hundred thousands digit of 227115?
2
What is the hundreds digit of 4304912?
9
What is the hundreds digit of 771824?
8
What is the millions digit of 1283922?
1
What is the hundred thousands digit of 649228?
6
What is the units digit of 4976253?
3
What is the hundreds digit of 2878157?
1
What is the units digit of 12067374?
4
What is the hundred thousands digit of 2428466?
4
What is the tens digit of 896633?
3
What is the ten thousands digit of 13600152?
0
What is the millions digit of 5870902?
5
What is the hundreds digit of 942815?
8
What is the thousands digit of 8706899?
6
What is the ten thousands digit of 174210?
7
What is the tens digit of 195570?
7
What is the units digit of 4477566?
6
What is the tens digit of 28643589?
8
What is the thousands digit of 9247374?
7
What is the tens digit of 190798?
9
What is the tens digit of 91862?
6
What is the tens digit of 851955?
5
What is the thousands digit of 160216?
0
What is the units digit of 3586303?
3
What is the units digit of 658632?
2
What is the ten thousands digit of 3086909?
8
What is the units digit of 157700?
0
What is the units digit of 10899417?
7
What is the tens digit of 5399580?
8
What is the tens digit of 51610?
1
What is the tens digit of 525181?
8
What is the hundred thousands digit of 10320371?
3
What is the units digit of 24009983?
3
What is the millions digit of 7188690?